 6*x**3. What is w(h)?
-7
Let d(t) = -2*t**2 - 6*t - 3. Suppose 17*n - 19*n + 6 = 0. Let y(l) = l**2 + 3*l + 2. Let f(q) = n*d(q) + 5*y(q). What is f(-2)?
3
Let z be (-6 - 95/(-15))/(211/(-30) + 7). Let s(d) = -d**3 - 4*d**2 + 64*d + 24. What is s(z)?
-16
Let b(j) = -11*j - 249. Let y be b(-21). Let k(a) = -a**2 - 16*a + 39. What is k(y)?
3
Let k(f) = -f**3 - 4*f**2 + 12*f - 5. Let u be k(-6). Let p(c) = 0*c + 3*c - 10*c + 5*c + c. Calculate p(u).
5
Let i(h) = -h**3 + 2*h**2 + h. Suppose 25 = 13*l - 14. Let g be i(l). Let f(m) = -m**3 - 4*m**2 + 10*m + 8. Give f(g).
20
Let w(h) be the third derivative of -h**5/30 + h**4/8 + 23*h**3/3 + 4*h**2 - 75*h + 1. Calculate w(6).
-8
Let o = 1415 + 793. Let p(d) = -1110 + d - 1105 + o. Suppose -25 = -0*a - 5*a. What is p(a)?
-2
Suppose -93*w = -49 - 44. Let j(g) = 2*g - 1. What is j(w)?
1
Suppose -170 = -84*b + 67*b. Let u = 1 + 3. Suppose -4*d = -9*d - b, 0 = -u*w - 3*d - 42. Let j(g) = -g - 13. Give j(w).
-4
Suppose -12*o - 10 = -17*o. Suppose -b - 15 = 4*d + 81, -d = o*b + 24. Let a be (1/((-4)/d))/(-2). Let s(i) = -i**3 - i**2 + 5*i + 2. Determine s(a).
5
Let k(c) = -2*c + 2. Let o be k(-3). Let q(r) = -r**2 + 5*r + 27. Let a be q(o). Suppose 0 = a*w - 6 - 0. Let d(j) = -j**3 + j**2 + 4*j - 3. Determine d(w).
1
Let t(h) = h**2 + 15*h + 62. Let d be ((-15)/((-405)/(-36)))/(8/42). Determine t(d).
6
Let o(k) = -k**3 + 3*k**2 - 3*k + 7. Let t be o(3). Let a be (-5 - 6/t) + -7. Let f(n) = -n**3 - 9*n**2 + 2*n + 6. Calculate f(a).
-12
Let p(r) = r**3 - 4*r**2 - 2*r + 1. Suppose -l + 2 + 0 = 0. Suppose -m + 1 = u - 0*u, -3*m = l*u + 1. Calculate p(u).
-7
Let d(a) = -a**3 + a**2 + 2*a - 1. Let h(x) = -7*x + 32. Let f be h(5). Let p be 135/(-30)*(-2)/f. Let z be (-6)/9*p + 0. Give d(z).
-1
Let z(i) = 11*i + 216. Let m = 14761 + -14781. Give z(m).
-4
Let h(u) be the second derivative of -u**4/4 - 10*u**3 + 19*u**2/2 - 106*u + 12. Give h(-19).
76
Suppose 306 = 8*j - 5*j + 3*w, 5*w = 5*j - 500. Let k(u) = 3 - j*u**2 - 102*u**2 + 202*u**2 - u. Suppose -20 = 4*h - 8. Give k(h).
-3
Suppose -54*c + 4*c - 7*c - 342 = 0. Let t(z) = -1 + 1 - 5 - 6*z**2 - 3*z + 4 - z**3. Give t(c).
17
Let n(p) = 3*p - 1. Suppose -16 + 0 = -4*r. Suppose 0 = -4*w - r*s + 4, -5*s + 0 + 3 = 4*w. Suppose -t = -2*t - w*l + 10, -t - 2 = -l. Calculate n(t).
5
Let l be 334 + ((-1225)/225 - (-8)/18). Suppose 1 + l = -110*r. Let z(y) = y**2 - 4 - 3*y**2 + 0*y**2 - 4*y. Calculate z(r).
-10
Let u(o) = -57*o - 1677. Let m(s) = -11*s - 305. Let g(z) = 22*m(z) - 4*u(z). Give g(4).
-58
Let l(t) = -t**2 + 2*t - 9. Let b = 3084 - 3081. Calculate l(b).
-12
Let l(r) be the second derivative of r**5/10 + r**4/2 - r**3/6 + 3*r**2 + 4096*r. Calculate l(-3).
9
Let t(q) = q**3 + 30*q**2 + 30*q + 32. Let c be 0 - 4 - (12 + -6)*(-50)/(-12). What is t(c)?
3
Let k be 644/(-69)*21/28. Let t(g) = g**3 + 6*g**2 + 5*g + 8. Calculate t(k).
-76
Let c(g) be the second derivative of g**6/120 - 7*g**5/30 - 5*g**4/8 + 5*g**3/6 - 101*g**2/2 - 22*g + 1. Let x(o) be the first derivative of c(o). Give x(15).
5
Let l(b) be the third derivative of -b**5/30 - 11*b**4/24 - b**3/2 - 14*b**2. Let o be l(-5). Let p(n) = -6 + 15 - 3 + 2*n**o - 3*n**2 + 6*n. What is p(7)?
-1
Let s = 29 + -36. Let w(b) be the first derivative of -1/3*b**3 + 25 - 4*b**2 - 8*b. Determine w(s).
-1
Let k(l) = 1472548 - 2*l + 0*l - 1472556. Calculate k(-9).
10
Suppose -2*t + 290 = 274. Let q(o) = o**2 - 10*o + 11. Let h be q(t). Let c(m) = 2*m**2 + 5*m + 6. Calculate c(h).
31
Let t(h) = -6 + 11 - 33 + 21 + 11 - h + 2*h**2. Let d = 0 - -3. Calculate t(d).
19
Let d be 9*-2 - (-2*5 - (62 + -69)). Let i(o) = o**2 + 19*o + 62. Give i(d).
2
Let f(c) = 2*c**2 + 5*c - 4. Let z(b) = -b + 7. Let r be z(4). Let q(o) = -3*o**2 - 4*o + 5. Let w(j) = r*q(j) + 4*f(j). Let d = -51134 + 51141. What is w(d)?
6
Let t(p) = -22*p - p**2 - 40 - 2 - 9. Determine t(-19).
6
Let m(a) be the third derivative of a**7/840 - a**6/240 - 2*a**4/3 - 3*a**2 + 21*a. Let p(t) be the second derivative of m(t). Give p(2).
6
Let z(u) be the first derivative of -u**4/4 + 10*u**3/3 - 14*u + 3018. Calculate z(10).
-14
Let o be (-12)/(65/156 - 3/(-9)). Let w(t) = -t - 32. Determine w(o).
-16
Let y(o) be the second derivative of -5*o**3/6 + 109*o**2/2 - 1237*o. What is y(20)?
9
Let t be 10/4 + -1 + 1/2. Suppose 20 = 5*n - t*w - 3*w, 3*w = -12. Let d(q) be the first derivative of q**4/4 + 7*q + 5. Calculate d(n).
7
Let i(t) = 9179*t + 8 + 2*t**3 - 27527*t + 9176*t + 16*t**2 + 9170*t. Calculate i(-8).
24
Let a be 10 - (3/(-1) - (-12 + 10)). Let d(p) = a*p - 11*p + 8*p + 1. What is d(2)?
17
Let d(b) = b**3 + 5*b**2 - b - 1. Let n be d(-5). Let x(y) be the second derivative of -y**3/6 + 11*y**2/2 - 453*y - 5. Give x(n).
7
Suppose 0 = z - 2, -3*z - 94 = -5*p. Suppose 35*t - 39*t + p = 0. Let u(k) = -2*k + 7. Determine u(t).
-3
Suppose -21*x + 6*x + 2*x = -91. Let k(f) = f**3 - 9*f**2 + 12*f + 6. What is k(x)?
-8
Suppose -v = u + 3*u - 19, 4*u = -12. Let q(g) = -v*g + 13*g - g**2 + 10*g + 4. Suppose -2 - 4 = y. What is q(y)?
16
Let c(t) be the first derivative of t**2 + 5*t - 218. Suppose 3*v + 20 = 5*v. Suppose 44 = -v*j - 26. Give c(j).
-9
Let m be 3*((-180)/27)/4. Let j(b) be the third derivative of -1/3*b**3 + 0*b + 5/24*b**4 + 0 + 1/120*b**6 + 1/10*b**5 - b**2. Calculate j(m).
-2
Suppose 3*y - 56 = -4*y. Suppose 2*o - y = -2*r, 34 = 2*o + 3*o - 2*r. Let k(n) = -6 - o*n**3 - 23*n + 5*n**3 + 63*n - 31*n - 8*n**2. Give k(-9).
-6
Let i(o) = 2*o**2 + o**3 + 5*o - 6*o**2 + 183 + 157 - 490 + 148. Give i(2).
0
Let m(q) = -4*q + 8. Let k be (-20)/(-6)*405/54. Suppose 3*i = 4*z - 5, 4*i - 2*z + k = 7*i. What is m(i)?
-12
Let r(k) = 4*k + 5. Suppose 96*o + 21 = l + 99*o, -3*l = -3*o + 21. Calculate r(l).
5
Let s be 5 - (-1)/((6/(-4))/3). Suppose 3 - s = 9*m. Let g(i) = -i - 7. Calculate g(m).
-7
Let p(u) = 15. Let k(g) = -8*g - 74. Let n(i) = -k(i) - 5*p(i). Let l = 0 + 2. Calculate n(l).
15
Let c(p) = -10*p**2 - 2*p + 1. Suppose 0 = 2*q - 0*q + 4*l + 2, 0 = 2*q - 5*l - 16. Let k be (18/5)/q*-35. Let t = 43 + k. Determine c(t).
-11
Let c(z) = z**2 + 1 + 23 - 14*z - 6 - 6. Let y be (-1)/(-6)*-3*-18. Let m be 118/y + (-2)/18. Determine c(m).
-1
Let f(o) be the third derivative of -o**4/24 - 7*o**3/2 - o**2 + 3*o + 1162. Determine f(-10).
-11
Let o(a) = 5*a - 2. Suppose 16*v - 64 = 8*v. Let t be 10*1/40 + (-10)/v. What is o(t)?
-7
Let p(k) = k**3 - 6*k**2 + 5*k + 3. Let c be (-6)/21 - 18*6/63. Let h = c - -14. Suppose -x + h = 7. Calculate p(x).
3
Suppose 4*f + 3*n + 34 = 0, -2*n + 5*n = 6. Let b(y) be the third derivative of y**5/60 + 3*y**4/8 - 11*y**3/6 + y**2 - 346*y. Determine b(f).
-1
Let z(j) = j**2 + 8*j + 19. Let o be z(-5). Let b(m) = o - 5*m + 9*m + 0 + 4*m**2 + 839*m**3 - 838*m**3. Determine b(-4).
-12
Let m(f) = f**2 - 2*f - 3. Suppose -25 = -6*y - 13. Suppose -5*u - 10 = 6*i - y*i, -5*i = -4*u + 33. Calculate m(u).
-3
Suppose -2492 = 5*m - 9*m. Let d(l) = l**3 - 623*l + 4 + 6*l**2 + m*l. Let f be 51/(-9) - (-3)/(-9). What is d(f)?
4
Let y = 8 - 2. Let t(p) = 5 - 4267*p**2 + 2162*p**2 + 2104*p**2 + 8*p. Calculate t(y).
17
Let x(m) be the second derivative of 0 + 65*m - 6*m**2 - 1/2*m**3. Determine x(-5).
3
Let p(y) = -y**2 + 15. Let c be 126/72*(2 - (2 + -4)). Calculate p(c).
-34
Let x(g) = 1 - 4 + 9*g**2 - 5*g**3 + 6*g**3 + 7*g. Suppose -25 = -4*a + 215. Let f be (6/(-5))/(a/400). Determine x(f).
5
Suppose -8*u = 6*u + 84. Let c be (63/18)/(3/u). Let j(l) = -4*l**2 + 6 + 2*l**2 - 7*l + l**2. Give j(c).
6
Let z(q) = 2*q - 233. Let x(c) = 8*c - 220. Let w(a) = 3*x(a) - 2*z(a). What is w(9)?
-14
Let j(w) = -w**3 + 5*w**2 - 2*w - 4. Suppose 3 = x - 0*x. Let t be (-3 + 2)/x - 61/(-3). Let v = -17 + t. What is j(v)?
8
Let y(o) = -o**2 - 14*o - 21. Suppose -1248*f = -1174*f + 962. Give y(f).
-8
Let y(a) = 2*a**2 - 3*a. Let n(l) = -9*l - 6. Suppose -3*v - 498 = -495. Let s be n(v). Calculate y(s).
9
Let r(p) be the first derivative of 6 + 2*p - 3/2*p**2. Let c(i) = -15*i - 2. Let s be c(0). Calculate r(s).
8
Suppose 3*w = -m - 17, -5*w - 2*m - 30 = -0*w. Let r(p) be the first derivative of p**4/4 + 4*p**3/3 + p**2 - 2621. What is r(w)?
-8
Let r(n) = -4431*n + 2 - 4429*n - 5*n**2 + 8859*n - 1. Suppose 3*s + 0*s - 2*p = 1, 4*p - 1 = 3*s. Give r(s).
-5
Let x be